{"id":16065,"date":"2024-05-08T20:15:48","date_gmt":"2024-05-08T23:15:48","guid":{"rendered":"https:\/\/www.bonevalermoveis.com.br\/home\/?post_type=product&#038;p=16065"},"modified":"2025-04-13T18:22:48","modified_gmt":"2025-04-13T21:22:48","slug":"poltrona-soberano-conjunto-soberano","status":"publish","type":"product","link":"https:\/\/www.bonevalermoveis.com.br\/home\/produto\/poltrona-soberano-conjunto-soberano\/","title":{"rendered":"Conjunto poltronas Soberano"},"content":{"rendered":"","protected":false},"excerpt":{"rendered":"<p>Conhe\u00e7a o Conjunto de Poltronas Soberano, a defini\u00e7\u00e3o de <strong>luxo e conforto<\/strong> para seu espa\u00e7o. Com p\u00e9s em alum\u00ednio, trama em corda n\u00e1utica e pintura eletrost\u00e1tica, estas poltronas s\u00e3o sin\u00f4nimo de <strong>durabilidade e resist\u00eancia.<\/strong> O <strong>design imperativ<\/strong>o e \u00fanico confere uma s<strong>ofistica\u00e7\u00e3o incompar\u00e1vel<\/strong>, transformando qualquer ambiente.<\/p>\n<p>Este conjunto inclui uma elegante mesa lateral, perfeita para apoio e descanso de objetos, adicionando funcionalidade ao seu conforto. N\u00e3o perca a oportunidade de elevar seu espa\u00e7o com um toque de eleg\u00e2ncia e praticidade.<\/p>\n<p>Invista no Conjunto de Poltronas Soberano e sinta a diferen\u00e7a que um design superior e qualidade excepcional podem fazer. Transforme seu ambiente em um verdadeiro o\u00e1sis de estilo e conforto!<\/p>\n<p>&nbsp;<\/p>\n<p>Personalize as cores do seu gosto e estilo, caso nossas medidas n\u00e3o te atendam, fazemos sobre medida exata para melhor adequar-se ao seu ambiente.<\/p>\n","protected":false},"featured_media":16975,"template":"","meta":{"_joinchat":[]},"product_brand":[],"product_cat":[94,92],"product_tag":[],"class_list":{"0":"post-16065","1":"product","2":"type-product","3":"status-publish","4":"has-post-thumbnail","6":"product_cat-poltronas","7":"product_cat-toda-a-loja","9":"first","10":"instock","11":"shipping-taxable","12":"purchasable","13":"product-type-simple"},"_links":{"self":[{"href":"https:\/\/www.bonevalermoveis.com.br\/home\/wp-json\/wp\/v2\/product\/16065","targetHints":{"allow":["GET"]}}],"collection":[{"href":"https:\/\/www.bonevalermoveis.com.br\/home\/wp-json\/wp\/v2\/product"}],"about":[{"href":"https:\/\/www.bonevalermoveis.com.br\/home\/wp-json\/wp\/v2\/types\/product"}],"version-history":[{"count":8,"href":"https:\/\/www.bonevalermoveis.com.br\/home\/wp-json\/wp\/v2\/product\/16065\/revisions"}],"predecessor-version":[{"id":17455,"href":"https:\/\/www.bonevalermoveis.com.br\/home\/wp-json\/wp\/v2\/product\/16065\/revisions\/17455"}],"wp:featuredmedia":[{"embeddable":true,"href":"https:\/\/www.bonevalermoveis.com.br\/home\/wp-json\/wp\/v2\/media\/16975"}],"wp:attachment":[{"href":"https:\/\/www.bonevalermoveis.com.br\/home\/wp-json\/wp\/v2\/media?parent=16065"}],"wp:term":[{"taxonomy":"product_brand","embeddable":true,"href":"https:\/\/www.bonevalermoveis.com.br\/home\/wp-json\/wp\/v2\/product_brand?post=16065"},{"taxonomy":"product_cat","embeddable":true,"href":"https:\/\/www.bonevalermoveis.com.br\/home\/wp-json\/wp\/v2\/product_cat?post=16065"},{"taxonomy":"product_tag","embeddable":true,"href":"https:\/\/www.bonevalermoveis.com.br\/home\/wp-json\/wp\/v2\/product_tag?post=16065"}],"curies":[{"name":"wp","href":"https:\/\/api.w.org\/{rel}","templated":true}]}}

<p>Conheça o Conjunto de Poltronas Soberano, a definição de <strong>luxo e conforto</strong> para seu espaço. Com pés em alumínio, trama em corda náutica e pintura eletrostática, estas poltronas são sinônimo de <strong>durabilidade e resistência.</strong> O <strong>design imperativ</strong>o e único confere uma s<strong>ofisticação incomparável</strong>, transformando qualquer ambiente.</p>
<p>Este conjunto inclui uma elegante mesa lateral, perfeita para apoio e descanso de objetos, adicionando funcionalidade ao seu conforto. Não perca a oportunidade de elevar seu espaço com um toque de elegância e praticidade.</p>
<p>Invista no Conjunto de Poltronas Soberano e sinta a diferença que um design superior e qualidade excepcional podem fazer. Transforme seu ambiente em um verdadeiro oásis de estilo e conforto!</p>
<p>&nbsp;</p>
<p>Personalize as cores do seu gosto e estilo, caso nossas medidas não te atendam, fazemos sobre medida exata para melhor adequar-se ao seu ambiente.</p>
