{"id":16248,"date":"2024-06-04T10:08:54","date_gmt":"2024-06-04T13:08:54","guid":{"rendered":"https:\/\/www.bonevalermoveis.com.br\/home\/?post_type=product&#038;p=16248"},"modified":"2025-07-20T16:41:53","modified_gmt":"2025-07-20T19:41:53","slug":"conjunto-poltronas-caribe","status":"publish","type":"product","link":"https:\/\/www.bonevalermoveis.com.br\/home\/produto\/conjunto-poltronas-caribe\/","title":{"rendered":"Banco Bonevaler"},"content":{"rendered":"","protected":false},"excerpt":{"rendered":"<p><strong>OBanco Bonevaler<\/strong>, uma pe\u00e7a que une eleg\u00e2ncia, resist\u00eancia e um acabamento de alt\u00edssimo padr\u00e3o para compor ambientes externos ou internos com sofistica\u00e7\u00e3o.<\/p>\n<p>Sua estrutura \u00e9 feita em <strong>alum\u00ednio com pintura eletrost\u00e1tica<\/strong>, garantindo leveza, durabilidade e prote\u00e7\u00e3o contra intemp\u00e9ries. O grande diferencial est\u00e1 no <strong>acabamento superior em madeira Jatob\u00e1<\/strong>, conhecida por sua beleza natural, resist\u00eancia e tonalidade marcante, que confere um toque de calor e requinte ao design.<\/p>\n<p>Com linhas limpas e um visual moderno, o <strong>Banco Bonevaler<\/strong> \u00e9 ideal para \u00e1reas gourmet, varandas ou jardins, oferecendo conforto e impon\u00eancia em cada detalhe.<\/p>\n<p>&nbsp;<\/p>\n<p>Personalize as cores do seu gosto e estilo, caso nossas medidas n\u00e3o te atendam, fazemos sobre medida exata para melhor adequar-se ao seu ambiente.<\/p>\n","protected":false},"featured_media":17790,"template":"","meta":{"_joinchat":[]},"product_brand":[],"product_cat":[84,92],"product_tag":[],"class_list":{"0":"post-16248","1":"product","2":"type-product","3":"status-publish","4":"has-post-thumbnail","6":"product_cat-mesinhas","7":"product_cat-toda-a-loja","9":"first","10":"instock","11":"shipping-taxable","12":"purchasable","13":"product-type-simple"},"_links":{"self":[{"href":"https:\/\/www.bonevalermoveis.com.br\/home\/wp-json\/wp\/v2\/product\/16248","targetHints":{"allow":["GET"]}}],"collection":[{"href":"https:\/\/www.bonevalermoveis.com.br\/home\/wp-json\/wp\/v2\/product"}],"about":[{"href":"https:\/\/www.bonevalermoveis.com.br\/home\/wp-json\/wp\/v2\/types\/product"}],"version-history":[{"count":6,"href":"https:\/\/www.bonevalermoveis.com.br\/home\/wp-json\/wp\/v2\/product\/16248\/revisions"}],"predecessor-version":[{"id":17794,"href":"https:\/\/www.bonevalermoveis.com.br\/home\/wp-json\/wp\/v2\/product\/16248\/revisions\/17794"}],"wp:featuredmedia":[{"embeddable":true,"href":"https:\/\/www.bonevalermoveis.com.br\/home\/wp-json\/wp\/v2\/media\/17790"}],"wp:attachment":[{"href":"https:\/\/www.bonevalermoveis.com.br\/home\/wp-json\/wp\/v2\/media?parent=16248"}],"wp:term":[{"taxonomy":"product_brand","embeddable":true,"href":"https:\/\/www.bonevalermoveis.com.br\/home\/wp-json\/wp\/v2\/product_brand?post=16248"},{"taxonomy":"product_cat","embeddable":true,"href":"https:\/\/www.bonevalermoveis.com.br\/home\/wp-json\/wp\/v2\/product_cat?post=16248"},{"taxonomy":"product_tag","embeddable":true,"href":"https:\/\/www.bonevalermoveis.com.br\/home\/wp-json\/wp\/v2\/product_tag?post=16248"}],"curies":[{"name":"wp","href":"https:\/\/api.w.org\/{rel}","templated":true}]}}

<p><strong>OBanco Bonevaler</strong>, uma peça que une elegância, resistência e um acabamento de altíssimo padrão para compor ambientes externos ou internos com sofisticação.</p>
<p>Sua estrutura é feita em <strong>alumínio com pintura eletrostática</strong>, garantindo leveza, durabilidade e proteção contra intempéries. O grande diferencial está no <strong>acabamento superior em madeira Jatobá</strong>, conhecida por sua beleza natural, resistência e tonalidade marcante, que confere um toque de calor e requinte ao design.</p>
<p>Com linhas limpas e um visual moderno, o <strong>Banco Bonevaler</strong> é ideal para áreas gourmet, varandas ou jardins, oferecendo conforto e imponência em cada detalhe.</p>
<p>&nbsp;</p>
<p>Personalize as cores do seu gosto e estilo, caso nossas medidas não te atendam, fazemos sobre medida exata para melhor adequar-se ao seu ambiente.</p>
