{"id":16321,"date":"2024-06-04T14:41:53","date_gmt":"2024-06-04T17:41:53","guid":{"rendered":"https:\/\/www.bonevalermoveis.com.br\/home\/?post_type=product&#038;p=16321"},"modified":"2025-08-24T17:50:38","modified_gmt":"2025-08-24T20:50:38","slug":"cadeira-angra","status":"publish","type":"product","link":"https:\/\/www.bonevalermoveis.com.br\/home\/produto\/cadeira-angra\/","title":{"rendered":"Cadeira Ilha Bela"},"content":{"rendered":"","protected":false},"excerpt":{"rendered":"<p>Apresentamos a Cadeira Ilha Bela, uma combina\u00e7\u00e3o perfeita de eleg\u00e2ncia e conforto. Feita com corda n\u00e1utica de alta qualidade, esta cadeira destaca-se pelo design moderno e sofisticado. Sua estrutura em alum\u00ednio garante leveza e resist\u00eancia, enquanto a pintura eletrost\u00e1tica assegura um acabamento impec\u00e1vel e duradouro.<\/p>\n<p>O assento e encosto foram projetados para proporcionar o m\u00e1ximo de conforto, tornando cada momento de relaxamento ainda mais prazeroso. Ideal para \u00e1reas de lazer, varandas ou salas de estar, a Cadeira Ilha Bela \u00e9 a escolha perfeita para quem valoriza design e funcionalidade.<\/p>\n<p>&nbsp;<\/p>\n<p>Personalize as cores do seu gosto e estilo, caso nossas medidas n\u00e3o te atendam, fazemos sobre medida exata para melhor adequar-se ao seu ambiente.<\/p>\n","protected":false},"featured_media":16533,"template":"","meta":{"_joinchat":[]},"product_brand":[],"product_cat":[95,92],"product_tag":[],"class_list":{"0":"post-16321","1":"product","2":"type-product","3":"status-publish","4":"has-post-thumbnail","6":"product_cat-cadeiras","7":"product_cat-toda-a-loja","9":"first","10":"instock","11":"shipping-taxable","12":"purchasable","13":"product-type-simple"},"_links":{"self":[{"href":"https:\/\/www.bonevalermoveis.com.br\/home\/wp-json\/wp\/v2\/product\/16321","targetHints":{"allow":["GET"]}}],"collection":[{"href":"https:\/\/www.bonevalermoveis.com.br\/home\/wp-json\/wp\/v2\/product"}],"about":[{"href":"https:\/\/www.bonevalermoveis.com.br\/home\/wp-json\/wp\/v2\/types\/product"}],"version-history":[{"count":3,"href":"https:\/\/www.bonevalermoveis.com.br\/home\/wp-json\/wp\/v2\/product\/16321\/revisions"}],"predecessor-version":[{"id":17049,"href":"https:\/\/www.bonevalermoveis.com.br\/home\/wp-json\/wp\/v2\/product\/16321\/revisions\/17049"}],"wp:featuredmedia":[{"embeddable":true,"href":"https:\/\/www.bonevalermoveis.com.br\/home\/wp-json\/wp\/v2\/media\/16533"}],"wp:attachment":[{"href":"https:\/\/www.bonevalermoveis.com.br\/home\/wp-json\/wp\/v2\/media?parent=16321"}],"wp:term":[{"taxonomy":"product_brand","embeddable":true,"href":"https:\/\/www.bonevalermoveis.com.br\/home\/wp-json\/wp\/v2\/product_brand?post=16321"},{"taxonomy":"product_cat","embeddable":true,"href":"https:\/\/www.bonevalermoveis.com.br\/home\/wp-json\/wp\/v2\/product_cat?post=16321"},{"taxonomy":"product_tag","embeddable":true,"href":"https:\/\/www.bonevalermoveis.com.br\/home\/wp-json\/wp\/v2\/product_tag?post=16321"}],"curies":[{"name":"wp","href":"https:\/\/api.w.org\/{rel}","templated":true}]}}

<p>Apresentamos a Cadeira Ilha Bela, uma combinação perfeita de elegância e conforto. Feita com corda náutica de alta qualidade, esta cadeira destaca-se pelo design moderno e sofisticado. Sua estrutura em alumínio garante leveza e resistência, enquanto a pintura eletrostática assegura um acabamento impecável e duradouro.</p>
<p>O assento e encosto foram projetados para proporcionar o máximo de conforto, tornando cada momento de relaxamento ainda mais prazeroso. Ideal para áreas de lazer, varandas ou salas de estar, a Cadeira Ilha Bela é a escolha perfeita para quem valoriza design e funcionalidade.</p>
<p>&nbsp;</p>
<p>Personalize as cores do seu gosto e estilo, caso nossas medidas não te atendam, fazemos sobre medida exata para melhor adequar-se ao seu ambiente.</p>
