{"id":16340,"date":"2024-06-04T15:33:36","date_gmt":"2024-06-04T18:33:36","guid":{"rendered":"https:\/\/www.bonevalermoveis.com.br\/home\/?post_type=product&#038;p=16340"},"modified":"2026-02-11T20:13:24","modified_gmt":"2026-02-11T23:13:24","slug":"banqueta-arezzo","status":"publish","type":"product","link":"https:\/\/www.bonevalermoveis.com.br\/home\/produto\/banqueta-arezzo\/","title":{"rendered":"Banqueta Arezzo"},"content":{"rendered":"","protected":false},"excerpt":{"rendered":"<p>A banqueta Arezzo traz consigo um design com <strong>tons r\u00fasticos<\/strong> com seu bra\u00e7o em madeira, tem um <strong>design exclusivo, sofisticado <\/strong>al\u00e9m de ser bastante<strong> confort\u00e1vel. <\/strong>\u00a0Tem sua estrutura toda feita em alum\u00ednio tubular, pintura eletrost\u00e1tica e trama em corda n\u00e1utica tudo da <strong>melhor qualidade do mercado.<\/strong><\/p>\n<p>&nbsp;<\/p>\n<p>A metragem poder\u00e1 variar de acordo com a proposta que a banqueta for utilizada, por isso precisamos de algumas medidas, como por exemplo a altura do balc\u00e3o para assim ser feita sobre medida exata para maior conforto.<\/p>\n<p>&nbsp;<\/p>\n<p>Personalize as cores do seu gosto e estilo, caso nossas medidas n\u00e3o te atendam, fazemos sobre medida exata para melhor adequar-se ao seu ambiente.<\/p>\n","protected":false},"featured_media":16671,"template":"","meta":{"_joinchat":[]},"product_brand":[],"product_cat":[83,92],"product_tag":[],"class_list":{"0":"post-16340","1":"product","2":"type-product","3":"status-publish","4":"has-post-thumbnail","6":"product_cat-banquetas","7":"product_cat-toda-a-loja","9":"first","10":"instock","11":"shipping-taxable","12":"purchasable","13":"product-type-simple"},"_links":{"self":[{"href":"https:\/\/www.bonevalermoveis.com.br\/home\/wp-json\/wp\/v2\/product\/16340","targetHints":{"allow":["GET"]}}],"collection":[{"href":"https:\/\/www.bonevalermoveis.com.br\/home\/wp-json\/wp\/v2\/product"}],"about":[{"href":"https:\/\/www.bonevalermoveis.com.br\/home\/wp-json\/wp\/v2\/types\/product"}],"version-history":[{"count":6,"href":"https:\/\/www.bonevalermoveis.com.br\/home\/wp-json\/wp\/v2\/product\/16340\/revisions"}],"predecessor-version":[{"id":18105,"href":"https:\/\/www.bonevalermoveis.com.br\/home\/wp-json\/wp\/v2\/product\/16340\/revisions\/18105"}],"wp:featuredmedia":[{"embeddable":true,"href":"https:\/\/www.bonevalermoveis.com.br\/home\/wp-json\/wp\/v2\/media\/16671"}],"wp:attachment":[{"href":"https:\/\/www.bonevalermoveis.com.br\/home\/wp-json\/wp\/v2\/media?parent=16340"}],"wp:term":[{"taxonomy":"product_brand","embeddable":true,"href":"https:\/\/www.bonevalermoveis.com.br\/home\/wp-json\/wp\/v2\/product_brand?post=16340"},{"taxonomy":"product_cat","embeddable":true,"href":"https:\/\/www.bonevalermoveis.com.br\/home\/wp-json\/wp\/v2\/product_cat?post=16340"},{"taxonomy":"product_tag","embeddable":true,"href":"https:\/\/www.bonevalermoveis.com.br\/home\/wp-json\/wp\/v2\/product_tag?post=16340"}],"curies":[{"name":"wp","href":"https:\/\/api.w.org\/{rel}","templated":true}]}}