{"id":16351,"date":"2024-06-04T16:45:05","date_gmt":"2024-06-04T19:45:05","guid":{"rendered":"https:\/\/www.bonevalermoveis.com.br\/home\/?post_type=product&#038;p=16351"},"modified":"2025-09-21T19:50:36","modified_gmt":"2025-09-21T22:50:36","slug":"espreguicadeira-canada-dupla","status":"publish","type":"product","link":"https:\/\/www.bonevalermoveis.com.br\/home\/produto\/espreguicadeira-canada-dupla\/","title":{"rendered":"Espregui\u00e7adeira Canad\u00e1 Dupla"},"content":{"rendered":"","protected":false},"excerpt":{"rendered":"<p>A espregui\u00e7adeira Canad\u00e1 dupla \u00e9 a defini\u00e7\u00e3o de <strong>luxo<\/strong> para seu ambiente externo, com seu <strong>design moderno e deslumbrante<\/strong>, possui 2 op\u00e7\u00f5es de acabamento no meio: em madeira ou em alum\u00ednio tubular. seu tecido acquablock permite maior <em>durabilidade<\/em> ao tempo no dia a dia, al\u00e9m de ser <em>confort\u00e1vel<\/em>, e possuir 4 niveis de regula\u00e7\u00e3o para o encosto. Toda feita em alum\u00ednio, pintura eletrost\u00e1tica, tecido acquablock e espuma de melhor qualidade do mercado poss\u00edvel. Assim lhe garantindo um <strong>m\u00f3vel sofisticado e duradouro.<\/strong><\/p>\n<p>&nbsp;<\/p>\n<p>Personalize as cores do seu gosto e estilo, caso nossas m\u00e9didas n\u00e3o te atendam, fazemos sobre medida exata para melhor adequar-se ao seu ambiente.<\/p>\n","protected":false},"featured_media":17770,"template":"","meta":{"_joinchat":[]},"product_brand":[],"product_cat":[80,92],"product_tag":[],"class_list":{"0":"post-16351","1":"product","2":"type-product","3":"status-publish","4":"has-post-thumbnail","6":"product_cat-espreguicadeira","7":"product_cat-toda-a-loja","9":"first","10":"instock","11":"shipping-taxable","12":"purchasable","13":"product-type-simple"},"_links":{"self":[{"href":"https:\/\/www.bonevalermoveis.com.br\/home\/wp-json\/wp\/v2\/product\/16351","targetHints":{"allow":["GET"]}}],"collection":[{"href":"https:\/\/www.bonevalermoveis.com.br\/home\/wp-json\/wp\/v2\/product"}],"about":[{"href":"https:\/\/www.bonevalermoveis.com.br\/home\/wp-json\/wp\/v2\/types\/product"}],"version-history":[{"count":2,"href":"https:\/\/www.bonevalermoveis.com.br\/home\/wp-json\/wp\/v2\/product\/16351\/revisions"}],"predecessor-version":[{"id":17371,"href":"https:\/\/www.bonevalermoveis.com.br\/home\/wp-json\/wp\/v2\/product\/16351\/revisions\/17371"}],"wp:featuredmedia":[{"embeddable":true,"href":"https:\/\/www.bonevalermoveis.com.br\/home\/wp-json\/wp\/v2\/media\/17770"}],"wp:attachment":[{"href":"https:\/\/www.bonevalermoveis.com.br\/home\/wp-json\/wp\/v2\/media?parent=16351"}],"wp:term":[{"taxonomy":"product_brand","embeddable":true,"href":"https:\/\/www.bonevalermoveis.com.br\/home\/wp-json\/wp\/v2\/product_brand?post=16351"},{"taxonomy":"product_cat","embeddable":true,"href":"https:\/\/www.bonevalermoveis.com.br\/home\/wp-json\/wp\/v2\/product_cat?post=16351"},{"taxonomy":"product_tag","embeddable":true,"href":"https:\/\/www.bonevalermoveis.com.br\/home\/wp-json\/wp\/v2\/product_tag?post=16351"}],"curies":[{"name":"wp","href":"https:\/\/api.w.org\/{rel}","templated":true}]}}

Espreguiçadeira Canadá Dupla

<p>A espreguiçadeira Canadá dupla é a definição de <strong>luxo</strong> para seu ambiente externo, com seu <strong>design moderno e deslumbrante</strong>, possui 2 opções de acabamento no meio: em madeira ou em alumínio tubular. seu tecido acquablock permite maior <em>durabilidade</em> ao tempo no dia a dia, além de ser <em>confortável</em>, e possuir 4 niveis de regulação para o encosto. Toda feita em alumínio, pintura eletrostática, tecido acquablock e espuma de melhor qualidade do mercado possível. Assim lhe garantindo um <strong>móvel sofisticado e duradouro.</strong></p>
<p>&nbsp;</p>
<p>Personalize as cores do seu gosto e estilo, caso nossas médidas não te atendam, fazemos sobre medida exata para melhor adequar-se ao seu ambiente.</p>
