{"id":16506,"date":"2024-06-18T13:20:00","date_gmt":"2024-06-18T16:20:00","guid":{"rendered":"https:\/\/www.bonevalermoveis.com.br\/home\/?post_type=product&#038;p=16506"},"modified":"2025-07-20T14:23:50","modified_gmt":"2025-07-20T17:23:50","slug":"conjunto-mesa-caribe","status":"publish","type":"product","link":"https:\/\/www.bonevalermoveis.com.br\/home\/produto\/conjunto-mesa-caribe\/","title":{"rendered":"Conjunto Caribe"},"content":{"rendered":"","protected":false},"excerpt":{"rendered":"<p>Este conjunto tr\u00e1s consigo uma mesa em alum\u00ednio tubular com pintura eletrost\u00e1tica, com tons modernos e op\u00e7\u00e3o para 4 poltronas, nossa poltrona tem a proposta em seu <strong>design sofisticado<\/strong>, juntamente ao seu\u00a0<strong>conforto e qualidade<\/strong>, a poltrona Caribe \u00e9 totalmente feita em alum\u00ednio, trama em corda n\u00e1utica e pintura eletrost\u00e1tica da\u00a0<strong>melhor qualidade do mercado.<\/strong><\/p>\n<p>&nbsp;<\/p>\n<div class=\"woocommerce-product-details__short-description\">\n<p>Personalize as cores do seu gosto e estilo, caso nossas m\u00e9didas n\u00e3o te atendam, fazemos sobre medida exata para melhor adequar-se ao seu ambiente.<\/p>\n<\/div>\n","protected":false},"featured_media":16507,"template":"","meta":{"_joinchat":[]},"product_brand":[],"product_cat":[96,92],"product_tag":[],"class_list":{"0":"post-16506","1":"product","2":"type-product","3":"status-publish","4":"has-post-thumbnail","6":"product_cat-mesas","7":"product_cat-toda-a-loja","9":"first","10":"instock","11":"shipping-taxable","12":"purchasable","13":"product-type-simple"},"_links":{"self":[{"href":"https:\/\/www.bonevalermoveis.com.br\/home\/wp-json\/wp\/v2\/product\/16506","targetHints":{"allow":["GET"]}}],"collection":[{"href":"https:\/\/www.bonevalermoveis.com.br\/home\/wp-json\/wp\/v2\/product"}],"about":[{"href":"https:\/\/www.bonevalermoveis.com.br\/home\/wp-json\/wp\/v2\/types\/product"}],"version-history":[{"count":4,"href":"https:\/\/www.bonevalermoveis.com.br\/home\/wp-json\/wp\/v2\/product\/16506\/revisions"}],"predecessor-version":[{"id":16803,"href":"https:\/\/www.bonevalermoveis.com.br\/home\/wp-json\/wp\/v2\/product\/16506\/revisions\/16803"}],"wp:featuredmedia":[{"embeddable":true,"href":"https:\/\/www.bonevalermoveis.com.br\/home\/wp-json\/wp\/v2\/media\/16507"}],"wp:attachment":[{"href":"https:\/\/www.bonevalermoveis.com.br\/home\/wp-json\/wp\/v2\/media?parent=16506"}],"wp:term":[{"taxonomy":"product_brand","embeddable":true,"href":"https:\/\/www.bonevalermoveis.com.br\/home\/wp-json\/wp\/v2\/product_brand?post=16506"},{"taxonomy":"product_cat","embeddable":true,"href":"https:\/\/www.bonevalermoveis.com.br\/home\/wp-json\/wp\/v2\/product_cat?post=16506"},{"taxonomy":"product_tag","embeddable":true,"href":"https:\/\/www.bonevalermoveis.com.br\/home\/wp-json\/wp\/v2\/product_tag?post=16506"}],"curies":[{"name":"wp","href":"https:\/\/api.w.org\/{rel}","templated":true}]}}

<p>Este conjunto trás consigo uma mesa em alumínio tubular com pintura eletrostática, com tons modernos e opção para 4 poltronas, nossa poltrona tem a proposta em seu <strong>design sofisticado</strong>, juntamente ao seu <strong>conforto e qualidade</strong>, a poltrona Caribe é totalmente feita em alumínio, trama em corda náutica e pintura eletrostática da <strong>melhor qualidade do mercado.</strong></p>
<p>&nbsp;</p>
<div class="woocommerce-product-details__short-description">
<p>Personalize as cores do seu gosto e estilo, caso nossas médidas não te atendam, fazemos sobre medida exata para melhor adequar-se ao seu ambiente.</p>
</div>
