{"id":16539,"date":"2024-06-18T16:13:28","date_gmt":"2024-06-18T19:13:28","guid":{"rendered":"https:\/\/www.bonevalermoveis.com.br\/home\/?post_type=product&#038;p=16539"},"modified":"2025-09-21T19:49:14","modified_gmt":"2025-09-21T22:49:14","slug":"balanco-viena","status":"publish","type":"product","link":"https:\/\/www.bonevalermoveis.com.br\/home\/produto\/balanco-viena\/","title":{"rendered":"Balan\u00e7o Viena"},"content":{"rendered":"","protected":false},"excerpt":{"rendered":"<p>O balan\u00e7o viena \u00e9 todo feito em alum\u00ednio, corda n\u00e1utica, pintura eletrost\u00e1tica e tecido em acquablock tudo da melhor qualidade do mercado. Al\u00e9m de <strong>ser extremamente confort\u00e1vel, sofisticado e relaxante, \u00e9 confi\u00e1vel e duradouro.<\/strong> ele poder\u00e1 ser suspenso direto ao teto, ou com um suporte de apoio como mostra na foto.<\/p>\n<p>&nbsp;<\/p>\n<p>Personalize as cores do seu gosto e estilo, caso nossas medidas n\u00e3o te atendam, fazemos sobre medida exata para melhor adequar-se ao seu ambiente.<\/p>\n","protected":false},"featured_media":16540,"template":"","meta":{"_joinchat":[]},"product_brand":[],"product_cat":[87,92],"product_tag":[],"class_list":{"0":"post-16539","1":"product","2":"type-product","3":"status-publish","4":"has-post-thumbnail","6":"product_cat-balancos","7":"product_cat-toda-a-loja","9":"first","10":"instock","11":"shipping-taxable","12":"purchasable","13":"product-type-simple"},"_links":{"self":[{"href":"https:\/\/www.bonevalermoveis.com.br\/home\/wp-json\/wp\/v2\/product\/16539","targetHints":{"allow":["GET"]}}],"collection":[{"href":"https:\/\/www.bonevalermoveis.com.br\/home\/wp-json\/wp\/v2\/product"}],"about":[{"href":"https:\/\/www.bonevalermoveis.com.br\/home\/wp-json\/wp\/v2\/types\/product"}],"version-history":[{"count":3,"href":"https:\/\/www.bonevalermoveis.com.br\/home\/wp-json\/wp\/v2\/product\/16539\/revisions"}],"predecessor-version":[{"id":17768,"href":"https:\/\/www.bonevalermoveis.com.br\/home\/wp-json\/wp\/v2\/product\/16539\/revisions\/17768"}],"wp:featuredmedia":[{"embeddable":true,"href":"https:\/\/www.bonevalermoveis.com.br\/home\/wp-json\/wp\/v2\/media\/16540"}],"wp:attachment":[{"href":"https:\/\/www.bonevalermoveis.com.br\/home\/wp-json\/wp\/v2\/media?parent=16539"}],"wp:term":[{"taxonomy":"product_brand","embeddable":true,"href":"https:\/\/www.bonevalermoveis.com.br\/home\/wp-json\/wp\/v2\/product_brand?post=16539"},{"taxonomy":"product_cat","embeddable":true,"href":"https:\/\/www.bonevalermoveis.com.br\/home\/wp-json\/wp\/v2\/product_cat?post=16539"},{"taxonomy":"product_tag","embeddable":true,"href":"https:\/\/www.bonevalermoveis.com.br\/home\/wp-json\/wp\/v2\/product_tag?post=16539"}],"curies":[{"name":"wp","href":"https:\/\/api.w.org\/{rel}","templated":true}]}}

Balanço Viena

<p>O balanço viena é todo feito em alumínio, corda náutica, pintura eletrostática e tecido em acquablock tudo da melhor qualidade do mercado. Além de <strong>ser extremamente confortável, sofisticado e relaxante, é confiável e duradouro.</strong> ele poderá ser suspenso direto ao teto, ou com um suporte de apoio como mostra na foto.</p>
<p>&nbsp;</p>
<p>Personalize as cores do seu gosto e estilo, caso nossas medidas não te atendam, fazemos sobre medida exata para melhor adequar-se ao seu ambiente.</p>
