{"id":16567,"date":"2024-06-19T16:23:46","date_gmt":"2024-06-19T19:23:46","guid":{"rendered":"https:\/\/www.bonevalermoveis.com.br\/home\/?post_type=product&#038;p=16567"},"modified":"2026-02-11T22:49:33","modified_gmt":"2026-02-12T01:49:33","slug":"mesinha-paris","status":"publish","type":"product","link":"https:\/\/www.bonevalermoveis.com.br\/home\/produto\/mesinha-paris\/","title":{"rendered":"Mesinha Paris"},"content":{"rendered":"","protected":false},"excerpt":{"rendered":"<p>perfeita para utilizar ao lado de espregui\u00e7adeiras, poltronas e cadeiras. \u00e9 toda feita em alum\u00ednio tubular e pintura eletrost\u00e1tica. Al\u00e9m de ter um lindo <strong>design\u00a0<\/strong>e como opcional pode-se colocar seu tampo em vidro.<\/p>\n","protected":false},"featured_media":16568,"template":"","meta":{"_joinchat":[]},"product_brand":[],"product_cat":[84,92],"product_tag":[],"class_list":{"0":"post-16567","1":"product","2":"type-product","3":"status-publish","4":"has-post-thumbnail","6":"product_cat-mesinhas","7":"product_cat-toda-a-loja","9":"first","10":"instock","11":"shipping-taxable","12":"purchasable","13":"product-type-simple"},"_links":{"self":[{"href":"https:\/\/www.bonevalermoveis.com.br\/home\/wp-json\/wp\/v2\/product\/16567","targetHints":{"allow":["GET"]}}],"collection":[{"href":"https:\/\/www.bonevalermoveis.com.br\/home\/wp-json\/wp\/v2\/product"}],"about":[{"href":"https:\/\/www.bonevalermoveis.com.br\/home\/wp-json\/wp\/v2\/types\/product"}],"version-history":[{"count":2,"href":"https:\/\/www.bonevalermoveis.com.br\/home\/wp-json\/wp\/v2\/product\/16567\/revisions"}],"predecessor-version":[{"id":16575,"href":"https:\/\/www.bonevalermoveis.com.br\/home\/wp-json\/wp\/v2\/product\/16567\/revisions\/16575"}],"wp:featuredmedia":[{"embeddable":true,"href":"https:\/\/www.bonevalermoveis.com.br\/home\/wp-json\/wp\/v2\/media\/16568"}],"wp:attachment":[{"href":"https:\/\/www.bonevalermoveis.com.br\/home\/wp-json\/wp\/v2\/media?parent=16567"}],"wp:term":[{"taxonomy":"product_brand","embeddable":true,"href":"https:\/\/www.bonevalermoveis.com.br\/home\/wp-json\/wp\/v2\/product_brand?post=16567"},{"taxonomy":"product_cat","embeddable":true,"href":"https:\/\/www.bonevalermoveis.com.br\/home\/wp-json\/wp\/v2\/product_cat?post=16567"},{"taxonomy":"product_tag","embeddable":true,"href":"https:\/\/www.bonevalermoveis.com.br\/home\/wp-json\/wp\/v2\/product_tag?post=16567"}],"curies":[{"name":"wp","href":"https:\/\/api.w.org\/{rel}","templated":true}]}}