{"id":16633,"date":"2024-06-20T19:51:28","date_gmt":"2024-06-20T22:51:28","guid":{"rendered":"https:\/\/www.bonevalermoveis.com.br\/home\/?post_type=product&#038;p=16633"},"modified":"2026-02-11T22:00:29","modified_gmt":"2026-02-12T01:00:29","slug":"sofa-florenca","status":"publish","type":"product","link":"https:\/\/www.bonevalermoveis.com.br\/home\/produto\/sofa-florenca\/","title":{"rendered":"Sof\u00e1 Floren\u00e7a"},"content":{"rendered":"","protected":false},"excerpt":{"rendered":"<p>O Conjunto de sof\u00e1 Floren\u00e7a tem um<strong> bel\u00edssimo design<\/strong> em sua trama de fibra sint\u00e9tica, fazendo que assim seja <strong>exclusivo e deslumbrante<\/strong> em sua beleza, al\u00e9m de sua mesa de centro acompanhar uma champanheira para assim degustar dos seus melhores momentos sem ter que se locomover. Sua estrutura \u00e9 toda feita em alum\u00ednio, pintura eletrost\u00e1tica, tecido em acquablock e trama em fibra sint\u00e9tica, tudo da <strong>melhor qualidade do mercado.<\/strong><\/p>\n<p>&nbsp;<\/p>\n<p>Personalize as cores do seu gosto e estilo, caso nossas medidas n\u00e3o te atendam, fazemos sobre medida exata para melhor adequar-se ao seu ambiente.<\/p>\n","protected":false},"featured_media":16645,"template":"","meta":{"_joinchat":[]},"product_brand":[],"product_cat":[75,92],"product_tag":[],"class_list":{"0":"post-16633","1":"product","2":"type-product","3":"status-publish","4":"has-post-thumbnail","6":"product_cat-conjuntos-de-sofas","7":"product_cat-toda-a-loja","9":"first","10":"instock","11":"shipping-taxable","12":"purchasable","13":"product-type-simple"},"_links":{"self":[{"href":"https:\/\/www.bonevalermoveis.com.br\/home\/wp-json\/wp\/v2\/product\/16633","targetHints":{"allow":["GET"]}}],"collection":[{"href":"https:\/\/www.bonevalermoveis.com.br\/home\/wp-json\/wp\/v2\/product"}],"about":[{"href":"https:\/\/www.bonevalermoveis.com.br\/home\/wp-json\/wp\/v2\/types\/product"}],"version-history":[{"count":4,"href":"https:\/\/www.bonevalermoveis.com.br\/home\/wp-json\/wp\/v2\/product\/16633\/revisions"}],"predecessor-version":[{"id":17753,"href":"https:\/\/www.bonevalermoveis.com.br\/home\/wp-json\/wp\/v2\/product\/16633\/revisions\/17753"}],"wp:featuredmedia":[{"embeddable":true,"href":"https:\/\/www.bonevalermoveis.com.br\/home\/wp-json\/wp\/v2\/media\/16645"}],"wp:attachment":[{"href":"https:\/\/www.bonevalermoveis.com.br\/home\/wp-json\/wp\/v2\/media?parent=16633"}],"wp:term":[{"taxonomy":"product_brand","embeddable":true,"href":"https:\/\/www.bonevalermoveis.com.br\/home\/wp-json\/wp\/v2\/product_brand?post=16633"},{"taxonomy":"product_cat","embeddable":true,"href":"https:\/\/www.bonevalermoveis.com.br\/home\/wp-json\/wp\/v2\/product_cat?post=16633"},{"taxonomy":"product_tag","embeddable":true,"href":"https:\/\/www.bonevalermoveis.com.br\/home\/wp-json\/wp\/v2\/product_tag?post=16633"}],"curies":[{"name":"wp","href":"https:\/\/api.w.org\/{rel}","templated":true}]}}

Sofá Florença

<p>O Conjunto de sofá Florença tem um<strong> belíssimo design</strong> em sua trama de fibra sintética, fazendo que assim seja <strong>exclusivo e deslumbrante</strong> em sua beleza, além de sua mesa de centro acompanhar uma champanheira para assim degustar dos seus melhores momentos sem ter que se locomover. Sua estrutura é toda feita em alumínio, pintura eletrostática, tecido em acquablock e trama em fibra sintética, tudo da <strong>melhor qualidade do mercado.</strong></p>
<p>&nbsp;</p>
<p>Personalize as cores do seu gosto e estilo, caso nossas medidas não te atendam, fazemos sobre medida exata para melhor adequar-se ao seu ambiente.</p>
