{"id":17273,"date":"2024-11-06T22:01:42","date_gmt":"2024-11-07T01:01:42","guid":{"rendered":"https:\/\/www.bonevalermoveis.com.br\/home\/?post_type=product&#038;p=17273"},"modified":"2025-07-20T14:31:40","modified_gmt":"2025-07-20T17:31:40","slug":"conjunto-primavera","status":"publish","type":"product","link":"https:\/\/www.bonevalermoveis.com.br\/home\/produto\/conjunto-primavera\/","title":{"rendered":"Conjunto Primavera"},"content":{"rendered":"","protected":false},"excerpt":{"rendered":"<p>O conjunto Primavera da Bonevaler M\u00f3veis \u00e9 a escolha perfeita para transformar seu jardim em um ambiente sofisticado e aconchegante. Feito inteiramente em alum\u00ednio fundido de alta qualidade, ele combina durabilidade e leveza, ideal para resistir \u00e0s condi\u00e7\u00f5es externas com estilo. Seu design moderno e elegante, aliado \u00e0 resist\u00eancia do material, garante que o conjunto Primavera seja a pe\u00e7a-chave para quem busca um espa\u00e7o ao ar livre repleto de charme e requinte. Eleg\u00e2ncia e funcionalidade se encontram nesta pe\u00e7a exclusiva.<\/p>\n<p>&nbsp;<\/p>\n<p>Personalize as cores do seu gosto e estilo, caso nossas medidas n\u00e3o te atendam, fazemos sobre medida exata para melhor adequar-se ao seu ambiente.<\/p>\n","protected":false},"featured_media":17276,"template":"","meta":{"_joinchat":[]},"product_brand":[],"product_cat":[96,92],"product_tag":[],"class_list":{"0":"post-17273","1":"product","2":"type-product","3":"status-publish","4":"has-post-thumbnail","6":"product_cat-mesas","7":"product_cat-toda-a-loja","9":"first","10":"instock","11":"shipping-taxable","12":"purchasable","13":"product-type-simple"},"_links":{"self":[{"href":"https:\/\/www.bonevalermoveis.com.br\/home\/wp-json\/wp\/v2\/product\/17273","targetHints":{"allow":["GET"]}}],"collection":[{"href":"https:\/\/www.bonevalermoveis.com.br\/home\/wp-json\/wp\/v2\/product"}],"about":[{"href":"https:\/\/www.bonevalermoveis.com.br\/home\/wp-json\/wp\/v2\/types\/product"}],"version-history":[{"count":2,"href":"https:\/\/www.bonevalermoveis.com.br\/home\/wp-json\/wp\/v2\/product\/17273\/revisions"}],"predecessor-version":[{"id":17762,"href":"https:\/\/www.bonevalermoveis.com.br\/home\/wp-json\/wp\/v2\/product\/17273\/revisions\/17762"}],"wp:featuredmedia":[{"embeddable":true,"href":"https:\/\/www.bonevalermoveis.com.br\/home\/wp-json\/wp\/v2\/media\/17276"}],"wp:attachment":[{"href":"https:\/\/www.bonevalermoveis.com.br\/home\/wp-json\/wp\/v2\/media?parent=17273"}],"wp:term":[{"taxonomy":"product_brand","embeddable":true,"href":"https:\/\/www.bonevalermoveis.com.br\/home\/wp-json\/wp\/v2\/product_brand?post=17273"},{"taxonomy":"product_cat","embeddable":true,"href":"https:\/\/www.bonevalermoveis.com.br\/home\/wp-json\/wp\/v2\/product_cat?post=17273"},{"taxonomy":"product_tag","embeddable":true,"href":"https:\/\/www.bonevalermoveis.com.br\/home\/wp-json\/wp\/v2\/product_tag?post=17273"}],"curies":[{"name":"wp","href":"https:\/\/api.w.org\/{rel}","templated":true}]}}

<p>O conjunto Primavera da Bonevaler Móveis é a escolha perfeita para transformar seu jardim em um ambiente sofisticado e aconchegante. Feito inteiramente em alumínio fundido de alta qualidade, ele combina durabilidade e leveza, ideal para resistir às condições externas com estilo. Seu design moderno e elegante, aliado à resistência do material, garante que o conjunto Primavera seja a peça-chave para quem busca um espaço ao ar livre repleto de charme e requinte. Elegância e funcionalidade se encontram nesta peça exclusiva.</p>
<p>&nbsp;</p>
<p>Personalize as cores do seu gosto e estilo, caso nossas medidas não te atendam, fazemos sobre medida exata para melhor adequar-se ao seu ambiente.</p>
