{"id":17749,"date":"2025-06-19T16:08:08","date_gmt":"2025-06-19T19:08:08","guid":{"rendered":"https:\/\/www.bonevalermoveis.com.br\/home\/?post_type=product&#038;p=17749"},"modified":"2026-02-11T20:58:53","modified_gmt":"2026-02-11T23:58:53","slug":"concha-ninho","status":"publish","type":"product","link":"https:\/\/www.bonevalermoveis.com.br\/home\/produto\/concha-ninho\/","title":{"rendered":"Concha Ninho"},"content":{"rendered":"","protected":false},"excerpt":{"rendered":"<p data-start=\"0\" data-end=\"340\">Apresentamos a <strong data-start=\"15\" data-end=\"31\">Concha Ninho<\/strong>, uma pe\u00e7a que encanta pelo seu design inspirado na delicadeza e aconchego de um verdadeiro <strong data-start=\"123\" data-end=\"144\">ninho de p\u00e1ssaros<\/strong>. Sua estrutura \u00e9 toda feita em <strong data-start=\"176\" data-end=\"213\">fibra sint\u00e9tica de alta qualidade<\/strong>, com uma trama art\u00edstica que reproduz o formato e o movimento natural de um ninho, trazendo charme e sofistica\u00e7\u00e3o ao ambiente.<\/p>\n<p data-start=\"342\" data-end=\"531\">A <strong data-start=\"344\" data-end=\"360\">Concha Ninho<\/strong> vem acompanhada de um <strong data-start=\"383\" data-end=\"420\">estofado de encosto e 4 almofadas<\/strong>, todos confeccionados em <strong data-start=\"446\" data-end=\"479\">tecido imperme\u00e1vel Acquablock<\/strong>, garantindo conforto e prote\u00e7\u00e3o contra sol e chuva.<\/p>\n<p data-start=\"533\" data-end=\"724\" data-is-last-node=\"\" data-is-only-node=\"\">Ideal para \u00e1reas de lazer, varandas ou jardins, essa pe\u00e7a se destaca por seu visual \u00fanico, aconchegante e convidativo, perfeita para criar um espa\u00e7o de relaxamento com personalidade e estilo.<\/p>\n<p data-start=\"533\" data-end=\"724\" data-is-last-node=\"\" data-is-only-node=\"\">\n<p data-start=\"533\" data-end=\"724\" data-is-last-node=\"\" data-is-only-node=\"\">Personalize as cores do seu gosto e estilo, caso nossas medidas n\u00e3o te atendam, fazemos sobre medida exata para melhor adequar-se ao seu ambiente.<\/p>\n","protected":false},"featured_media":17750,"template":"","meta":{"_joinchat":[]},"product_brand":[],"product_cat":[78,92],"product_tag":[],"class_list":{"0":"post-17749","1":"product","2":"type-product","3":"status-publish","4":"has-post-thumbnail","6":"product_cat-conchas","7":"product_cat-toda-a-loja","9":"first","10":"instock","11":"shipping-taxable","12":"purchasable","13":"product-type-simple"},"_links":{"self":[{"href":"https:\/\/www.bonevalermoveis.com.br\/home\/wp-json\/wp\/v2\/product\/17749","targetHints":{"allow":["GET"]}}],"collection":[{"href":"https:\/\/www.bonevalermoveis.com.br\/home\/wp-json\/wp\/v2\/product"}],"about":[{"href":"https:\/\/www.bonevalermoveis.com.br\/home\/wp-json\/wp\/v2\/types\/product"}],"version-history":[{"count":2,"href":"https:\/\/www.bonevalermoveis.com.br\/home\/wp-json\/wp\/v2\/product\/17749\/revisions"}],"predecessor-version":[{"id":17972,"href":"https:\/\/www.bonevalermoveis.com.br\/home\/wp-json\/wp\/v2\/product\/17749\/revisions\/17972"}],"wp:featuredmedia":[{"embeddable":true,"href":"https:\/\/www.bonevalermoveis.com.br\/home\/wp-json\/wp\/v2\/media\/17750"}],"wp:attachment":[{"href":"https:\/\/www.bonevalermoveis.com.br\/home\/wp-json\/wp\/v2\/media?parent=17749"}],"wp:term":[{"taxonomy":"product_brand","embeddable":true,"href":"https:\/\/www.bonevalermoveis.com.br\/home\/wp-json\/wp\/v2\/product_brand?post=17749"},{"taxonomy":"product_cat","embeddable":true,"href":"https:\/\/www.bonevalermoveis.com.br\/home\/wp-json\/wp\/v2\/product_cat?post=17749"},{"taxonomy":"product_tag","embeddable":true,"href":"https:\/\/www.bonevalermoveis.com.br\/home\/wp-json\/wp\/v2\/product_tag?post=17749"}],"curies":[{"name":"wp","href":"https:\/\/api.w.org\/{rel}","templated":true}]}}