{"id":17842,"date":"2025-08-24T17:23:08","date_gmt":"2025-08-24T20:23:08","guid":{"rendered":"https:\/\/www.bonevalermoveis.com.br\/home\/?post_type=product&#038;p=17842"},"modified":"2026-01-15T20:22:41","modified_gmt":"2026-01-15T23:22:41","slug":"17842","status":"publish","type":"product","link":"https:\/\/www.bonevalermoveis.com.br\/home\/produto\/17842\/","title":{"rendered":"Cadeira Madrid"},"content":{"rendered":"","protected":false},"excerpt":{"rendered":"<p data-start=\"178\" data-end=\"448\">A <strong>Cadeira\u00a0Madrid<\/strong> \u00e9 a uni\u00e3o perfeita entre <strong data-start=\"225\" data-end=\"263\">design sofisticado e exclusividade<\/strong>. Produzida em <strong data-start=\"278\" data-end=\"316\">madeira jatob\u00e1 de alta resist\u00eancia<\/strong> e tramada em <strong data-start=\"330\" data-end=\"365\">corda n\u00e1utica de alta qualidade<\/strong>, apresenta um visual moderno e elegante, capaz de transformar qualquer ambiente.<\/p>\n<p data-start=\"450\" data-end=\"714\">Com seu acabamento impec\u00e1vel e linhas marcantes, a Poltrona Madrid oferece n\u00e3o apenas conforto, mas tamb\u00e9m um toque de sofistica\u00e7\u00e3o que valoriza sua decora\u00e7\u00e3o. Uma pe\u00e7a vers\u00e1til, ideal tanto para \u00e1reas internas quanto externas, trazendo sempre requinte e estilo.<\/p>\n<p>&nbsp;<\/p>\n<p>Personalize as cores do seu gosto e estilo, caso nossas medidas n\u00e3o te atendam, fazemos sobre medida exata para melhor adequar-se ao seu ambiente.<\/p>\n","protected":false},"featured_media":17843,"template":"","meta":{"_joinchat":[]},"product_brand":[],"product_cat":[95,92],"product_tag":[],"class_list":{"0":"post-17842","1":"product","2":"type-product","3":"status-publish","4":"has-post-thumbnail","6":"product_cat-cadeiras","7":"product_cat-toda-a-loja","9":"first","10":"instock","11":"shipping-taxable","12":"purchasable","13":"product-type-simple"},"_links":{"self":[{"href":"https:\/\/www.bonevalermoveis.com.br\/home\/wp-json\/wp\/v2\/product\/17842","targetHints":{"allow":["GET"]}}],"collection":[{"href":"https:\/\/www.bonevalermoveis.com.br\/home\/wp-json\/wp\/v2\/product"}],"about":[{"href":"https:\/\/www.bonevalermoveis.com.br\/home\/wp-json\/wp\/v2\/types\/product"}],"version-history":[{"count":2,"href":"https:\/\/www.bonevalermoveis.com.br\/home\/wp-json\/wp\/v2\/product\/17842\/revisions"}],"predecessor-version":[{"id":17954,"href":"https:\/\/www.bonevalermoveis.com.br\/home\/wp-json\/wp\/v2\/product\/17842\/revisions\/17954"}],"wp:featuredmedia":[{"embeddable":true,"href":"https:\/\/www.bonevalermoveis.com.br\/home\/wp-json\/wp\/v2\/media\/17843"}],"wp:attachment":[{"href":"https:\/\/www.bonevalermoveis.com.br\/home\/wp-json\/wp\/v2\/media?parent=17842"}],"wp:term":[{"taxonomy":"product_brand","embeddable":true,"href":"https:\/\/www.bonevalermoveis.com.br\/home\/wp-json\/wp\/v2\/product_brand?post=17842"},{"taxonomy":"product_cat","embeddable":true,"href":"https:\/\/www.bonevalermoveis.com.br\/home\/wp-json\/wp\/v2\/product_cat?post=17842"},{"taxonomy":"product_tag","embeddable":true,"href":"https:\/\/www.bonevalermoveis.com.br\/home\/wp-json\/wp\/v2\/product_tag?post=17842"}],"curies":[{"name":"wp","href":"https:\/\/api.w.org\/{rel}","templated":true}]}}