{"id":17986,"date":"2026-02-08T20:22:00","date_gmt":"2026-02-08T23:22:00","guid":{"rendered":"https:\/\/www.bonevalermoveis.com.br\/home\/?post_type=product&#038;p=17986"},"modified":"2026-02-11T19:43:08","modified_gmt":"2026-02-11T22:43:08","slug":"poltrona-monaco","status":"publish","type":"product","link":"https:\/\/www.bonevalermoveis.com.br\/home\/produto\/poltrona-monaco\/","title":{"rendered":"Poltrona M\u00f4naco"},"content":{"rendered":"","protected":false},"excerpt":{"rendered":"<p data-start=\"0\" data-end=\"244\">A <strong data-start=\"2\" data-end=\"21\">Poltrona M\u00f4naco<\/strong> \u00e9 a defini\u00e7\u00e3o de conforto aliado ao design sofisticado. Totalmente tramada em <strong data-start=\"100\" data-end=\"132\">tric\u00f4 n\u00e1utico com enchimento<\/strong>, ela envolve o corpo de forma aconchegante, criando uma experi\u00eancia \u00fanica de relaxamento com est\u00e9tica refinada.<\/p>\n<p data-start=\"246\" data-end=\"464\">Seus <strong data-start=\"251\" data-end=\"290\">assentos com estofados imperme\u00e1veis<\/strong> garantem praticidade e durabilidade para \u00e1reas externas, sem abrir m\u00e3o da maciez e do toque agrad\u00e1vel. O resultado \u00e9 uma pe\u00e7a imponente, elegante e extremamente convidativa.<\/p>\n<p data-start=\"466\" data-end=\"619\">Ideal para varandas, \u00e1reas gourmet ou espa\u00e7os de descanso, a <strong data-start=\"527\" data-end=\"546\">Poltrona M\u00f4naco<\/strong> transforma qualquer ambiente em um cen\u00e1rio de exclusividade e bem-estar.<\/p>\n<p data-start=\"621\" data-end=\"771\" data-is-last-node=\"\" data-is-only-node=\"\">Personalize as cores do seu gosto e estilo, caso nossas medidas n\u00e3o te atendam, fazemos sobre medida exata para melhor adequar-se ao seu ambiente.<\/p>\n","protected":false},"featured_media":17987,"template":"","meta":{"_joinchat":[]},"product_brand":[],"product_cat":[94,92],"product_tag":[],"class_list":{"0":"post-17986","1":"product","2":"type-product","3":"status-publish","4":"has-post-thumbnail","6":"product_cat-poltronas","7":"product_cat-toda-a-loja","9":"first","10":"instock","11":"shipping-taxable","12":"purchasable","13":"product-type-simple"},"_links":{"self":[{"href":"https:\/\/www.bonevalermoveis.com.br\/home\/wp-json\/wp\/v2\/product\/17986","targetHints":{"allow":["GET"]}}],"collection":[{"href":"https:\/\/www.bonevalermoveis.com.br\/home\/wp-json\/wp\/v2\/product"}],"about":[{"href":"https:\/\/www.bonevalermoveis.com.br\/home\/wp-json\/wp\/v2\/types\/product"}],"version-history":[{"count":1,"href":"https:\/\/www.bonevalermoveis.com.br\/home\/wp-json\/wp\/v2\/product\/17986\/revisions"}],"predecessor-version":[{"id":17993,"href":"https:\/\/www.bonevalermoveis.com.br\/home\/wp-json\/wp\/v2\/product\/17986\/revisions\/17993"}],"wp:featuredmedia":[{"embeddable":true,"href":"https:\/\/www.bonevalermoveis.com.br\/home\/wp-json\/wp\/v2\/media\/17987"}],"wp:attachment":[{"href":"https:\/\/www.bonevalermoveis.com.br\/home\/wp-json\/wp\/v2\/media?parent=17986"}],"wp:term":[{"taxonomy":"product_brand","embeddable":true,"href":"https:\/\/www.bonevalermoveis.com.br\/home\/wp-json\/wp\/v2\/product_brand?post=17986"},{"taxonomy":"product_cat","embeddable":true,"href":"https:\/\/www.bonevalermoveis.com.br\/home\/wp-json\/wp\/v2\/product_cat?post=17986"},{"taxonomy":"product_tag","embeddable":true,"href":"https:\/\/www.bonevalermoveis.com.br\/home\/wp-json\/wp\/v2\/product_tag?post=17986"}],"curies":[{"name":"wp","href":"https:\/\/api.w.org\/{rel}","templated":true}]}}