{"id":18200,"date":"2026-03-09T20:27:06","date_gmt":"2026-03-09T23:27:06","guid":{"rendered":"https:\/\/www.bonevalermoveis.com.br\/home\/?post_type=product&#038;p=18200"},"modified":"2026-03-09T20:27:06","modified_gmt":"2026-03-09T23:27:06","slug":"espreguicadeira-jericoacoara","status":"publish","type":"product","link":"https:\/\/www.bonevalermoveis.com.br\/home\/produto\/espreguicadeira-jericoacoara\/","title":{"rendered":"Espregui\u00e7adeira Jericoacoara"},"content":{"rendered":"","protected":false},"excerpt":{"rendered":"<p data-start=\"0\" data-end=\"241\">A <strong data-start=\"2\" data-end=\"34\">Espregui\u00e7adeira Jericoacoara<\/strong> foi criada para quem busca <strong data-start=\"62\" data-end=\"111\">o m\u00e1ximo de conforto nos momentos de descanso<\/strong>. Seu design amplo e acolhedor convida ao relaxamento, transformando qualquer \u00e1rea de lazer em um verdadeiro ref\u00fagio de bem-estar.<\/p>\n<p data-start=\"243\" data-end=\"522\">Com <strong data-start=\"247\" data-end=\"283\">estrutura totalmente em alum\u00ednio<\/strong>, a pe\u00e7a oferece leveza, resist\u00eancia e durabilidade, sendo ideal para ambientes externos. Toda a sua parte superior \u00e9 composta por <strong data-start=\"414\" data-end=\"440\">estofados imperme\u00e1veis<\/strong>, proporcionando maciez, praticidade na limpeza e maior resist\u00eancia ao uso di\u00e1rio.<\/p>\n<p data-start=\"524\" data-end=\"740\">Elegante e extremamente confort\u00e1vel, a <strong data-start=\"563\" data-end=\"595\">Espregui\u00e7adeira Jericoacoara<\/strong> \u00e9 perfeita para compor \u00e1reas de piscina, varandas ou espa\u00e7os de relaxamento, unindo <strong data-start=\"680\" data-end=\"721\">design, qualidade e conforto absoluto<\/strong> em uma \u00fanica pe\u00e7a.<\/p>\n<p data-start=\"524\" data-end=\"740\">\n<p data-start=\"742\" data-end=\"892\" data-is-last-node=\"\" data-is-only-node=\"\"><strong data-start=\"742\" data-end=\"892\" data-is-last-node=\"\">Personalize as cores do seu gosto e estilo, caso nossas medidas n\u00e3o te atendam, fazemos sobre medida exata para melhor adequar-se ao seu ambiente.<\/strong><\/p>\n","protected":false},"featured_media":18201,"template":"","meta":{"_joinchat":[]},"product_brand":[],"product_cat":[80,92],"product_tag":[],"class_list":{"0":"post-18200","1":"product","2":"type-product","3":"status-publish","4":"has-post-thumbnail","6":"product_cat-espreguicadeira","7":"product_cat-toda-a-loja","9":"first","10":"instock","11":"shipping-taxable","12":"purchasable","13":"product-type-simple"},"_links":{"self":[{"href":"https:\/\/www.bonevalermoveis.com.br\/home\/wp-json\/wp\/v2\/product\/18200","targetHints":{"allow":["GET"]}}],"collection":[{"href":"https:\/\/www.bonevalermoveis.com.br\/home\/wp-json\/wp\/v2\/product"}],"about":[{"href":"https:\/\/www.bonevalermoveis.com.br\/home\/wp-json\/wp\/v2\/types\/product"}],"version-history":[{"count":1,"href":"https:\/\/www.bonevalermoveis.com.br\/home\/wp-json\/wp\/v2\/product\/18200\/revisions"}],"predecessor-version":[{"id":18205,"href":"https:\/\/www.bonevalermoveis.com.br\/home\/wp-json\/wp\/v2\/product\/18200\/revisions\/18205"}],"wp:featuredmedia":[{"embeddable":true,"href":"https:\/\/www.bonevalermoveis.com.br\/home\/wp-json\/wp\/v2\/media\/18201"}],"wp:attachment":[{"href":"https:\/\/www.bonevalermoveis.com.br\/home\/wp-json\/wp\/v2\/media?parent=18200"}],"wp:term":[{"taxonomy":"product_brand","embeddable":true,"href":"https:\/\/www.bonevalermoveis.com.br\/home\/wp-json\/wp\/v2\/product_brand?post=18200"},{"taxonomy":"product_cat","embeddable":true,"href":"https:\/\/www.bonevalermoveis.com.br\/home\/wp-json\/wp\/v2\/product_cat?post=18200"},{"taxonomy":"product_tag","embeddable":true,"href":"https:\/\/www.bonevalermoveis.com.br\/home\/wp-json\/wp\/v2\/product_tag?post=18200"}],"curies":[{"name":"wp","href":"https:\/\/api.w.org\/{rel}","templated":true}]}}