{"id":18206,"date":"2026-03-09T20:49:54","date_gmt":"2026-03-09T23:49:54","guid":{"rendered":"https:\/\/www.bonevalermoveis.com.br\/home\/?post_type=product&#038;p=18206"},"modified":"2026-03-09T20:49:54","modified_gmt":"2026-03-09T23:49:54","slug":"balanco-veneza","status":"publish","type":"product","link":"https:\/\/www.bonevalermoveis.com.br\/home\/produto\/balanco-veneza\/","title":{"rendered":"Balan\u00e7o Veneza"},"content":{"rendered":"","protected":false},"excerpt":{"rendered":"<p>O <strong>Balan\u00e7o Veneza<\/strong> traduz a eleg\u00e2ncia do design contempor\u00e2neo com a leveza inspirada nos <strong>tra\u00e7os cl\u00e1ssicos da cidade italiana que d\u00e1 nome \u00e0 pe\u00e7a<\/strong>. Com linhas modernas e simples, ele foi criado para trazer charme, conforto e personalidade aos ambientes.<\/p>\n<p>Sua estrutura \u00e9 valorizada pela <strong>trama em corda n\u00e1utica<\/strong>, trabalhada com cuidado para criar um visual sofisticado e ao mesmo tempo acolhedor. O conjunto \u00e9 complementado por <strong>estofados imperme\u00e1veis<\/strong>, que garantem conforto e praticidade, sendo ideais para \u00e1reas externas como varandas, jardins e espa\u00e7os de lazer.<\/p>\n<p>O <strong>Balan\u00e7o Veneza<\/strong> \u00e9 uma pe\u00e7a que combina <strong>design elegante, conforto e exclusividade<\/strong>, transformando qualquer ambiente em um espa\u00e7o perfeito para relaxar e aproveitar bons momentos.<\/p>\n<p>&nbsp;<\/p>\n<p><strong>Personalize as cores do seu gosto e estilo, caso nossas medidas n\u00e3o te atendam, fazemos sobre medida exata para melhor adequar-se ao seu ambiente.\u00a0<\/strong><\/p>\n","protected":false},"featured_media":18208,"template":"","meta":{"_joinchat":[]},"product_brand":[],"product_cat":[87,92],"product_tag":[],"class_list":{"0":"post-18206","1":"product","2":"type-product","3":"status-publish","4":"has-post-thumbnail","6":"product_cat-balancos","7":"product_cat-toda-a-loja","9":"first","10":"instock","11":"shipping-taxable","12":"purchasable","13":"product-type-simple"},"_links":{"self":[{"href":"https:\/\/www.bonevalermoveis.com.br\/home\/wp-json\/wp\/v2\/product\/18206","targetHints":{"allow":["GET"]}}],"collection":[{"href":"https:\/\/www.bonevalermoveis.com.br\/home\/wp-json\/wp\/v2\/product"}],"about":[{"href":"https:\/\/www.bonevalermoveis.com.br\/home\/wp-json\/wp\/v2\/types\/product"}],"version-history":[{"count":1,"href":"https:\/\/www.bonevalermoveis.com.br\/home\/wp-json\/wp\/v2\/product\/18206\/revisions"}],"predecessor-version":[{"id":18213,"href":"https:\/\/www.bonevalermoveis.com.br\/home\/wp-json\/wp\/v2\/product\/18206\/revisions\/18213"}],"wp:featuredmedia":[{"embeddable":true,"href":"https:\/\/www.bonevalermoveis.com.br\/home\/wp-json\/wp\/v2\/media\/18208"}],"wp:attachment":[{"href":"https:\/\/www.bonevalermoveis.com.br\/home\/wp-json\/wp\/v2\/media?parent=18206"}],"wp:term":[{"taxonomy":"product_brand","embeddable":true,"href":"https:\/\/www.bonevalermoveis.com.br\/home\/wp-json\/wp\/v2\/product_brand?post=18206"},{"taxonomy":"product_cat","embeddable":true,"href":"https:\/\/www.bonevalermoveis.com.br\/home\/wp-json\/wp\/v2\/product_cat?post=18206"},{"taxonomy":"product_tag","embeddable":true,"href":"https:\/\/www.bonevalermoveis.com.br\/home\/wp-json\/wp\/v2\/product_tag?post=18206"}],"curies":[{"name":"wp","href":"https:\/\/api.w.org\/{rel}","templated":true}]}}

Balanço Veneza

<p>O <strong>Balanço Veneza</strong> traduz a elegância do design contemporâneo com a leveza inspirada nos <strong>traços clássicos da cidade italiana que dá nome à peça</strong>. Com linhas modernas e simples, ele foi criado para trazer charme, conforto e personalidade aos ambientes.</p>
<p>Sua estrutura é valorizada pela <strong>trama em corda náutica</strong>, trabalhada com cuidado para criar um visual sofisticado e ao mesmo tempo acolhedor. O conjunto é complementado por <strong>estofados impermeáveis</strong>, que garantem conforto e praticidade, sendo ideais para áreas externas como varandas, jardins e espaços de lazer.</p>
<p>O <strong>Balanço Veneza</strong> é uma peça que combina <strong>design elegante, conforto e exclusividade</strong>, transformando qualquer ambiente em um espaço perfeito para relaxar e aproveitar bons momentos.</p>
<p>&nbsp;</p>
<p><strong>Personalize as cores do seu gosto e estilo, caso nossas medidas não te atendam, fazemos sobre medida exata para melhor adequar-se ao seu ambiente. </strong></p>
