{"id":334,"date":"2021-08-27T11:42:20","date_gmt":"2021-08-27T11:42:20","guid":{"rendered":"http:\/\/dummy.xtemos.com\/woodmart2\/elementor\/?post_type=product&#038;p=334"},"modified":"2026-02-12T20:30:50","modified_gmt":"2026-02-12T23:30:50","slug":"poltrona-caribe","status":"publish","type":"product","link":"https:\/\/www.bonevalermoveis.com.br\/home\/produto\/poltrona-caribe\/","title":{"rendered":"Poltrona Caribe"},"content":{"rendered":"","protected":false},"excerpt":{"rendered":"<p>Descubra a Poltrona Caribe, uma obra-prima em design e conforto. Com uma estrutura de alum\u00ednio robusta e acabamento em pintura eletrost\u00e1tica, ela \u00e9 projetada para resistir \u00e0s intemp\u00e9ries e garantir durabilidade.<\/p>\n<p>A corda n\u00e1utica intricadamente tecida adiciona um toque de <strong>eleg\u00e2ncia e sofistica\u00e7\u00e3o<\/strong>, tornando-a ideal para qualquer ambiente, seja interno ou externo. Esta poltrona \u00e9 a escolha perfeita para quem busca aliar <strong>est\u00e9tica e funcionalidade.<\/strong><\/p>\n<p>A qualidade dos materiais utilizados assegura um produto resistente e duradouro, proporcionando momentos de relaxamento incompar\u00e1veis. N\u00e3o perca a oportunidade de elevar o seu espa\u00e7o com a Poltrona Caribe. Adquira agora e experimente o verdadeiro conforto com um design \u00fanico e moderno!<\/p>\n<p>&nbsp;<\/p>\n<p>Personalize as cores do seu gosto e estilo, caso nossas medidas n\u00e3o te atendam, fazemos sobre medida exata para melhor adequar-se ao seu ambiente.<\/p>\n","protected":false},"featured_media":16936,"template":"","meta":{"_joinchat":[]},"product_brand":[],"product_cat":[94,92],"product_tag":[],"class_list":{"0":"post-334","1":"product","2":"type-product","3":"status-publish","4":"has-post-thumbnail","6":"product_cat-poltronas","7":"product_cat-toda-a-loja","9":"first","10":"instock","11":"shipping-taxable","12":"purchasable","13":"product-type-simple"},"_links":{"self":[{"href":"https:\/\/www.bonevalermoveis.com.br\/home\/wp-json\/wp\/v2\/product\/334","targetHints":{"allow":["GET"]}}],"collection":[{"href":"https:\/\/www.bonevalermoveis.com.br\/home\/wp-json\/wp\/v2\/product"}],"about":[{"href":"https:\/\/www.bonevalermoveis.com.br\/home\/wp-json\/wp\/v2\/types\/product"}],"version-history":[{"count":8,"href":"https:\/\/www.bonevalermoveis.com.br\/home\/wp-json\/wp\/v2\/product\/334\/revisions"}],"predecessor-version":[{"id":17145,"href":"https:\/\/www.bonevalermoveis.com.br\/home\/wp-json\/wp\/v2\/product\/334\/revisions\/17145"}],"wp:featuredmedia":[{"embeddable":true,"href":"https:\/\/www.bonevalermoveis.com.br\/home\/wp-json\/wp\/v2\/media\/16936"}],"wp:attachment":[{"href":"https:\/\/www.bonevalermoveis.com.br\/home\/wp-json\/wp\/v2\/media?parent=334"}],"wp:term":[{"taxonomy":"product_brand","embeddable":true,"href":"https:\/\/www.bonevalermoveis.com.br\/home\/wp-json\/wp\/v2\/product_brand?post=334"},{"taxonomy":"product_cat","embeddable":true,"href":"https:\/\/www.bonevalermoveis.com.br\/home\/wp-json\/wp\/v2\/product_cat?post=334"},{"taxonomy":"product_tag","embeddable":true,"href":"https:\/\/www.bonevalermoveis.com.br\/home\/wp-json\/wp\/v2\/product_tag?post=334"}],"curies":[{"name":"wp","href":"https:\/\/api.w.org\/{rel}","templated":true}]}}

<p>Descubra a Poltrona Caribe, uma obra-prima em design e conforto. Com uma estrutura de alumínio robusta e acabamento em pintura eletrostática, ela é projetada para resistir às intempéries e garantir durabilidade.</p>
<p>A corda náutica intricadamente tecida adiciona um toque de <strong>elegância e sofisticação</strong>, tornando-a ideal para qualquer ambiente, seja interno ou externo. Esta poltrona é a escolha perfeita para quem busca aliar <strong>estética e funcionalidade.</strong></p>
<p>A qualidade dos materiais utilizados assegura um produto resistente e duradouro, proporcionando momentos de relaxamento incomparáveis. Não perca a oportunidade de elevar o seu espaço com a Poltrona Caribe. Adquira agora e experimente o verdadeiro conforto com um design único e moderno!</p>
<p>&nbsp;</p>
<p>Personalize as cores do seu gosto e estilo, caso nossas medidas não te atendam, fazemos sobre medida exata para melhor adequar-se ao seu ambiente.</p>
