{"id":372,"date":"2021-08-27T11:59:19","date_gmt":"2021-08-27T11:59:19","guid":{"rendered":"http:\/\/dummy.xtemos.com\/woodmart2\/elementor\/?post_type=product&#038;p=372"},"modified":"2026-02-11T22:17:00","modified_gmt":"2026-02-12T01:17:00","slug":"poltrona-viena","status":"publish","type":"product","link":"https:\/\/www.bonevalermoveis.com.br\/home\/produto\/poltrona-viena\/","title":{"rendered":"Poltrona Viena"},"content":{"rendered":"","protected":false},"excerpt":{"rendered":"<p>Apresentamos a Poltrona Viena, onde o <strong>design<\/strong> minimalista encontra a eleg\u00e2ncia dos tra\u00e7os italianos. Com sua estrutura em alum\u00ednio e pintura eletrost\u00e1tica, esta poltrona \u00e9 <strong>resistente e dur\u00e1vel, ideal para qualquer ambiente. <\/strong>A corda n\u00e1utica tecida adiciona um <strong>toque sofisticado<\/strong>, enquanto o tecido Acquablock oferece resist\u00eancia \u00e0 \u00e1gua e manchas. A almofada de encosto proporciona um conforto superior, tornando seus momentos de descanso ainda mais agrad\u00e1veis.<\/p>\n<p>Eleve seu espa\u00e7o com a Poltrona Viena, uma pe\u00e7a que <strong>combina qualidade e design de maneira impec\u00e1vel<\/strong>. Adquira agora e sinta a diferen\u00e7a do verdadeiro conforto e estilo em seu ambiente!<\/p>\n<p>&nbsp;<\/p>\n<p>Personalize as cores do seu gosto e estilo, caso nossas medidas n\u00e3o te atendam, fazemos sobre medida exata para melhor adequar-se ao seu ambiente.<\/p>\n","protected":false},"featured_media":16948,"template":"","meta":{"_joinchat":[]},"product_brand":[],"product_cat":[94,92],"product_tag":[],"class_list":{"0":"post-372","1":"product","2":"type-product","3":"status-publish","4":"has-post-thumbnail","6":"product_cat-poltronas","7":"product_cat-toda-a-loja","9":"first","10":"instock","11":"shipping-taxable","12":"purchasable","13":"product-type-simple"},"_links":{"self":[{"href":"https:\/\/www.bonevalermoveis.com.br\/home\/wp-json\/wp\/v2\/product\/372","targetHints":{"allow":["GET"]}}],"collection":[{"href":"https:\/\/www.bonevalermoveis.com.br\/home\/wp-json\/wp\/v2\/product"}],"about":[{"href":"https:\/\/www.bonevalermoveis.com.br\/home\/wp-json\/wp\/v2\/types\/product"}],"version-history":[{"count":8,"href":"https:\/\/www.bonevalermoveis.com.br\/home\/wp-json\/wp\/v2\/product\/372\/revisions"}],"predecessor-version":[{"id":17788,"href":"https:\/\/www.bonevalermoveis.com.br\/home\/wp-json\/wp\/v2\/product\/372\/revisions\/17788"}],"wp:featuredmedia":[{"embeddable":true,"href":"https:\/\/www.bonevalermoveis.com.br\/home\/wp-json\/wp\/v2\/media\/16948"}],"wp:attachment":[{"href":"https:\/\/www.bonevalermoveis.com.br\/home\/wp-json\/wp\/v2\/media?parent=372"}],"wp:term":[{"taxonomy":"product_brand","embeddable":true,"href":"https:\/\/www.bonevalermoveis.com.br\/home\/wp-json\/wp\/v2\/product_brand?post=372"},{"taxonomy":"product_cat","embeddable":true,"href":"https:\/\/www.bonevalermoveis.com.br\/home\/wp-json\/wp\/v2\/product_cat?post=372"},{"taxonomy":"product_tag","embeddable":true,"href":"https:\/\/www.bonevalermoveis.com.br\/home\/wp-json\/wp\/v2\/product_tag?post=372"}],"curies":[{"name":"wp","href":"https:\/\/api.w.org\/{rel}","templated":true}]}}

<p>Apresentamos a Poltrona Viena, onde o <strong>design</strong> minimalista encontra a elegância dos traços italianos. Com sua estrutura em alumínio e pintura eletrostática, esta poltrona é <strong>resistente e durável, ideal para qualquer ambiente. </strong>A corda náutica tecida adiciona um <strong>toque sofisticado</strong>, enquanto o tecido Acquablock oferece resistência à água e manchas. A almofada de encosto proporciona um conforto superior, tornando seus momentos de descanso ainda mais agradáveis.</p>
<p>Eleve seu espaço com a Poltrona Viena, uma peça que <strong>combina qualidade e design de maneira impecável</strong>. Adquira agora e sinta a diferença do verdadeiro conforto e estilo em seu ambiente!</p>
<p>&nbsp;</p>
<p>Personalize as cores do seu gosto e estilo, caso nossas medidas não te atendam, fazemos sobre medida exata para melhor adequar-se ao seu ambiente.</p>
