{"id":395,"date":"2021-08-27T12:11:46","date_gmt":"2021-08-27T12:11:46","guid":{"rendered":"http:\/\/dummy.xtemos.com\/woodmart2\/elementor\/?post_type=product&#038;p=395"},"modified":"2025-07-24T09:49:18","modified_gmt":"2025-07-24T12:49:18","slug":"sofa-veneza","status":"publish","type":"product","link":"https:\/\/www.bonevalermoveis.com.br\/home\/produto\/sofa-veneza\/","title":{"rendered":"Sof\u00e1 Veneza"},"content":{"rendered":"","protected":false},"excerpt":{"rendered":"<p>O conjunto de sof\u00e1 Veneza \u00e9 a perfeita uni\u00e3o entre <strong>eleg\u00e2ncia e durabilidade<\/strong>, ideal para transformar qualquer ambiente externo em um<strong> espa\u00e7o sofisticado e acolhedor<\/strong>. Fabricado com estrutura em alum\u00ednio de alta qualidade, o conjunto recebe uma pintura eletrost\u00e1tica que garante uma prote\u00e7\u00e3o ao tempo do dia a dia.<\/p>\n<p>A trama em corda n\u00e1utica, conhecida por sua <strong>resist\u00eancia e durabilidade<\/strong>, confere um toque artesanal e exclusivo ao design, enquanto o tecido em Acquablock proporciona conforto e praticidade, sendo altamente resistente \u00e0 \u00e1gua e f\u00e1cil de limpar.<\/p>\n<p>Os bra\u00e7os do sof\u00e1 s\u00e3o adornados com acabamento em madeira, adicionando um elemento de calor e naturalidade ao conjunto. Complementando o visual, a mesa de centro com champanheira integrada \u00e9 um verdadeiro convite ao relaxamento e \u00e0 celebra\u00e7\u00e3o, permitindo que voc\u00ea desfrute de momentos inesquec\u00edveis com amigos e familiares.<\/p>\n<p>Escolher o conjunto de sof\u00e1 Veneza \u00e9 investir em um mobili\u00e1rio de alta qualidade, projetado para oferecer estilo e funcionalidade por muitos anos. N\u00e3o perca a oportunidade de transformar seu espa\u00e7o com essa pe\u00e7a \u00fanica e sofisticada.<\/p>\n<p>&nbsp;<\/p>\n<p>Personalize as cores do seu gosto e estilo, caso nossas medidas n\u00e3o te atendam, fazemos sobre medida exata para melhor adequar-se ao seu ambiente.<\/p>\n","protected":false},"featured_media":16453,"template":"","meta":{"_joinchat":[]},"product_brand":[],"product_cat":[75,92],"product_tag":[],"class_list":{"0":"post-395","1":"product","2":"type-product","3":"status-publish","4":"has-post-thumbnail","6":"product_cat-conjuntos-de-sofas","7":"product_cat-toda-a-loja","9":"first","10":"instock","11":"shipping-taxable","12":"purchasable","13":"product-type-simple"},"_links":{"self":[{"href":"https:\/\/www.bonevalermoveis.com.br\/home\/wp-json\/wp\/v2\/product\/395","targetHints":{"allow":["GET"]}}],"collection":[{"href":"https:\/\/www.bonevalermoveis.com.br\/home\/wp-json\/wp\/v2\/product"}],"about":[{"href":"https:\/\/www.bonevalermoveis.com.br\/home\/wp-json\/wp\/v2\/types\/product"}],"version-history":[{"count":11,"href":"https:\/\/www.bonevalermoveis.com.br\/home\/wp-json\/wp\/v2\/product\/395\/revisions"}],"predecessor-version":[{"id":17164,"href":"https:\/\/www.bonevalermoveis.com.br\/home\/wp-json\/wp\/v2\/product\/395\/revisions\/17164"}],"wp:featuredmedia":[{"embeddable":true,"href":"https:\/\/www.bonevalermoveis.com.br\/home\/wp-json\/wp\/v2\/media\/16453"}],"wp:attachment":[{"href":"https:\/\/www.bonevalermoveis.com.br\/home\/wp-json\/wp\/v2\/media?parent=395"}],"wp:term":[{"taxonomy":"product_brand","embeddable":true,"href":"https:\/\/www.bonevalermoveis.com.br\/home\/wp-json\/wp\/v2\/product_brand?post=395"},{"taxonomy":"product_cat","embeddable":true,"href":"https:\/\/www.bonevalermoveis.com.br\/home\/wp-json\/wp\/v2\/product_cat?post=395"},{"taxonomy":"product_tag","embeddable":true,"href":"https:\/\/www.bonevalermoveis.com.br\/home\/wp-json\/wp\/v2\/product_tag?post=395"}],"curies":[{"name":"wp","href":"https:\/\/api.w.org\/{rel}","templated":true}]}}

Sofá Veneza

<p>O conjunto de sofá Veneza é a perfeita união entre <strong>elegância e durabilidade</strong>, ideal para transformar qualquer ambiente externo em um<strong> espaço sofisticado e acolhedor</strong>. Fabricado com estrutura em alumínio de alta qualidade, o conjunto recebe uma pintura eletrostática que garante uma proteção ao tempo do dia a dia.</p>
<p>A trama em corda náutica, conhecida por sua <strong>resistência e durabilidade</strong>, confere um toque artesanal e exclusivo ao design, enquanto o tecido em Acquablock proporciona conforto e praticidade, sendo altamente resistente à água e fácil de limpar.</p>
<p>Os braços do sofá são adornados com acabamento em madeira, adicionando um elemento de calor e naturalidade ao conjunto. Complementando o visual, a mesa de centro com champanheira integrada é um verdadeiro convite ao relaxamento e à celebração, permitindo que você desfrute de momentos inesquecíveis com amigos e familiares.</p>
<p>Escolher o conjunto de sofá Veneza é investir em um mobiliário de alta qualidade, projetado para oferecer estilo e funcionalidade por muitos anos. Não perca a oportunidade de transformar seu espaço com essa peça única e sofisticada.</p>
<p>&nbsp;</p>
<p>Personalize as cores do seu gosto e estilo, caso nossas medidas não te atendam, fazemos sobre medida exata para melhor adequar-se ao seu ambiente.</p>
